List the prime factors of c(y).
2
Let j = -20 + 40. List the prime factors of j.
2, 5
Let o = 45 - 15. What are the prime factors of o?
2, 3, 5
Let u = -64 + 102. Suppose 2*r - u = -0*r. Suppose 3*w - 35 = -0*n - 4*n, 4*n + r = 3*w. List the prime factors of w.
3
Let l = -56 + 30. Let g = l - -42. List the prime factors of g.
2
Suppose d = -2*d + 63. Suppose 5*r = 5*a + 85, -2*a = -3*r + d + 30. List the prime factors of r.
17
Let d(g) = 7*g**2 - g + 2. List the prime factors of d(2).
2, 7
Let k = 7 - 3. Suppose -4*l + 23 = -5*m, m + 17 = k*l - 2*m. What are the prime factors of l?
2
Let i = 14 - 9. What are the prime factors of 6/(i/1 + -3)?
3
Let b(z) = 9*z**2 - 2*z. What are the prime factors of b(1)?
7
Suppose 0*n + 90 = 3*n. List the prime factors of n.
2, 3, 5
Let c = 4 - 2. Suppose 4*h = -3*x + 4, 5*x = 4*h - 4 - 0. Suppose x*s - 18 = -c*s. List the prime factors of s.
3
Suppose 56 + 69 = 5*p. What are the prime factors of p?
5
Let o = 1 + -2. Let t(y) be the third derivative of -y**6/120 + y**5/60 + y**4/24 + y**3/6 - 11*y**2. What are the prime factors of t(o)?
2
Suppose 0 = o + 5*n + 21, 0 = -3*o + 8*o - 2*n - 30. Suppose 10 = i - o. Suppose x - i = 1. List the prime factors of x.
3, 5
Let d(n) = 2*n**2 + n. Let x be d(1). Suppose x*g = 13 + 8. What are the prime factors of g?
7
Let b(z) = -3*z**2 - 4. Let s be b(-2). Let g = s - -24. What are the prime factors of g?
2
Let x(t) = -t**3 - 8*t**2 - 5*t. Let g be 40/(-6) + 4/(-12). Let l be x(g). What are the prime factors of 3*(-2)/3 - l?
2, 3
Let n be 5 - (1 - (0 - 1)). Suppose -s + 4*j + 108 = 3*s, 0 = -3*s - n*j + 63. List the prime factors of s.
2, 3
Suppose 0 = -2*c + 4*c - 8. Suppose -3*y + c*d + 18 = 0, 5*d + 25 = -y + 5*y. List the prime factors of y.
2, 5
Let f(u) = u**2 + 5*u - 4. Let q be f(-9). Suppose q = 3*o - 19. Let b = o + -10. List the prime factors of b.
7
Suppose -2*d = -3*s - 28, -s - s = 4. Suppose 0 = 5*n + 19 + d. List the prime factors of (-23)/n - 2/(-12).
2
Let l(v) be the first derivative of -v**5/40 - 5*v**4/24 - v**3/3 - 2. Let m(j) be the third derivative of l(j). What are the prime factors of m(-5)?
2, 5
Suppose 7*k - 190 = 937. List the prime factors of k.
7, 23
Suppose 4*l - 5*l = -24. Suppose -l = 2*z - 6*z. Suppose -h = -z - 9. What are the prime factors of h?
3, 5
What are the prime factors of (-238)/(-51) + (-2)/3 + 0?
2
What are the prime factors of -4*((-21)/(-4))/(-3)?
7
Suppose 3*v - 3*c + 99 = 0, -2*v - c = 41 + 16. Let f = -18 - v. What are the prime factors of (9/f)/(2/8)?
3
Let k(p) = -12*p + 190. What are the prime factors of k(0)?
2, 5, 19
List the prime factors of (-563)/(-11) + -1 - 48/264.
2, 5
Suppose 0 = 3*g - 5*g + 2. List the prime factors of (-95)/(-10)*(g - -1).
19
Suppose 0 = 2*m + 3*p - 192, -8*m + 3*p = -9*m + 96. List the prime factors of m.
2, 3
Suppose 2*w + h + 11 = 0, 0*w - 40 = 4*w - 4*h. Let d(n) = -n**3 - 6*n**2 + 7*n. Let a be d(w). Suppose a = 2*b - 2 - 8. What are the prime factors of b?
5
Let p = 17 + -11. Suppose 3*l = -0*l + p. Suppose l*j - 64 = -2*j. What are the prime factors of j?
2
Let v(y) = -7*y + 1. Let u be v(2). Suppose 4*p = p - 4*z - 31, -3*z - 3 = 0. Let r = p - u. What are the prime factors of r?
2
Let r be 4*-1 - 0 - 1. Let j(g) = -10*g**2 - 12*g + 10. Let p(a) = 3*a**2 + 4*a - 3. Let b(c) = 2*j(c) + 7*p(c). What are the prime factors of b(r)?
2
Let l(o) = 15*o**2 - o - 1. List the prime factors of l(-1).
3, 5
Let h(n) = 14*n + 24. Let v(w) = -5*w - 8. Let m(x) = -4*h(x) - 11*v(x). Let r be m(-8). Let d(o) = o**2 + 7. List the prime factors of d(r).
7
Suppose 0 = -0*f - 2*f + 18. What are the prime factors of f?
3
Suppose 3*v = 721 - 97. What are the prime factors of v?
2, 13
Let o be 9*(1 + 0)*-1. Let i = o + 24. What are the prime factors of i?
3, 5
Suppose 91 = -2*d + 269. Suppose 0 = 3*m - 2*o - d, -4*m + 6*m + 3*o = 55. What are the prime factors of m?
29
Let u be (-1 + 12/(-8))*10. Let a = u - -41. List the prime factors of a.
2
Suppose 3*z + 0*o - o - 76 = 0, 0 = 2*z - 3*o - 53. What are the prime factors of z?
5
Suppose 2*n - 11 = 3*a, n + 4*n + 4*a = 85. Let z = n + -1. What are the prime factors of z?
2, 3
Let j = 221 - 36. List the prime factors of j.
5, 37
Let f(v) = -v**3 + v**2 + v + 14. Let a be f(0). Suppose 5*h = 26 + a. Let t = h - 2. List the prime factors of t.
2, 3
Suppose -2*u + 5 = -3*s, 3 = 3*u + 3*s + 18. Let f = u - 0. Let m = 4 + f. List the prime factors of m.
2
List the prime factors of (-224)/35*(-50)/4.
2, 5
Suppose -30 = -v - 4*v. Let a(t) = t**3 - 5*t**2 - 6*t + 1. Let i be a(v). List the prime factors of 1 + i + -1 + 1.
2
Let o(p) be the second derivative of p + 1/3*p**3 + p**2 + 0. List the prime factors of o(3).
2
Let f(g) = -g**2 + 10*g + 2. What are the prime factors of f(9)?
11
Let x = 4 + -11. What are the prime factors of 2*x*18/(-21)?
2, 3
Let f = -511 - -756. Suppose -y - f = -6*y. Suppose l + 1 + 28 = 4*v, 5*v + 3*l = y. What are the prime factors of v?
2
Let j(s) be the first derivative of 5*s**2/2 - s - 6. What are the prime factors of j(5)?
2, 3
Let k = 7 + -2. Let w = k + -1. List the prime factors of w.
2
Let q(n) = -3*n**2 - 2*n + 5. Let w(f) = f**2 + f - 1. Let b(r) = q(r) + 6*w(r). What are the prime factors of b(-3)?
2, 7
List the prime factors of (-614)/(-7) + (-4)/(-14).
2, 11
Let i = -4 + 4. Suppose -r + 3*j + 0*j = 19, 4*r + 3*j + 91 = i. Let w = r - -31. List the prime factors of w.
3
What are the prime factors of (-2 - (-10)/25)/((-4)/90)?
2, 3
Let d be 15/(4/(-6) - -1). Let x be (-3 - -1)*(-15)/6. Suppose x*u = d + 5. What are the prime factors of u?
2, 5
Suppose 4*m + 137 = -5*p + 662, -5 = -p. What are the prime factors of m?
5
Suppose -4*z - 3*h = -2 - 33, 0 = -5*z - 4*h + 45. List the prime factors of z.
5
Suppose -c = r - 14, 3*r = -5*c + 49 - 13. What are the prime factors of r?
17
Suppose 32 = -3*c - 1. Let f = c - -19. What are the prime factors of f?
2
Let r(m) = -m**2 - 2*m - 7. Let t be r(-5). Let j = 42 + t. What are the prime factors of (12/(-5))/((-3)/j)?
2
Suppose 23 = 2*t - 45. List the prime factors of t.
2, 17
Let v(a) = -5*a + 3. Let o be v(2). Let q = -4 - o. Suppose -u + 20 = q*b, -15 = u + 4*b - 40. What are the prime factors of u?
5
Suppose 0 = u - 5*u - 12. List the prime factors of u/3 + 1 + 7.
7
What are the prime factors of 4/10 + (-398)/(-5)?
2, 5
Let a(y) = y - 9. Let l be a(9). Suppose l = -4*m, -4*o - 3*m + 192 = m. What are the prime factors of o?
2, 3
List the prime factors of -2*(2/(-2) + 0) - -254.
2
Let o(b) = -7*b - 17. List the prime factors of o(-8).
3, 13
Let q(d) = 7*d**3 + 2*d - 1. What are the prime factors of q(1)?
2
Let z = 190 - 131. What are the prime factors of z?
59
Let l(f) = f - 7. Let i(q) = -2*q + 6. Let r = 7 + -13. Let n(u) = r*i(u) - 5*l(u). List the prime factors of n(2).
13
Let h(g) = -g - 3. Let w be (-4 + 1)/(-1 + 2). Let b be h(w). What are the prime factors of 1 - 3 - (b + -8)?
2, 3
Let d = 22 - -6. What are the prime factors of d?
2, 7
Suppose -4*x - 3*k = -0*x - 78, -34 = -2*x + k. What are the prime factors of x?
2, 3
Let q(j) = 4*j - 15. Let z(d) = -d + 5. Let a(r) = 2*q(r) + 7*z(r). Let g be a(0). Suppose 20 = -3*t + g*t. List the prime factors of t.
2, 5
Let v be (-5)/2*-2 + -1. Let z = -16 + 15. Let j = v + z. What are the prime factors of j?
3
Let r be -78*(28/(-8) - -3). Suppose -2*o - r = -3*o. What are the prime factors of o?
3, 13
Suppose p = 22 + 23. Let y = -24 + p. What are the prime factors of y?
3, 7
Let b(k) = -k**3 - 9*k**2 + k - 11. Let v be b(-10). Suppose 4*y - 46 - v = 5*q, -y + 28 = 2*q. What are the prime factors of y?
2, 3, 5
Suppose -141 = -41*o + 38*o. What are the prime factors of o?
47
Let x = 20 - 10. Suppose -5*s + x + 5 = 0. Suppose 2*q - 6 = b + s, -3*q + 4*b = -26. What are the prime factors of q?
2
Let c = 315 - 221. List the prime factors of c.
2, 47
Let x be 200/6 - 4/12. Suppose -4*s + x = -s. What are the prime factors of s?
11
Let g(n) = -n**2 + 2*n + 79. List the prime factors of g(0).
79
Let v be 1/(0 + 1/2). Let d be v/8 - 30/(-8). Suppose -d*s = -3*j + 16, 3*j = 5*j - s - 19. What are the prime factors of j?
2, 3
Suppose 2*z - 16 = 54. List the prime factors of z.
5, 7
Suppose 0 = -r - 2. Let d = r - -5. What are the prime factor